is 121 + -11?
110
In base 4, what is -1 + -2012?
-2013
In base 14, what is -2 - 2?
-4
In base 2, what is -110100001010 - 10?
-110100001100
In base 7, what is -6 + -134?
-143
In base 15, what is -2bc - -2?
-2ba
In base 3, what is 11 - -212002?
212020
In base 4, what is -3 - -111?
102
In base 5, what is -230 + 222?
-3
In base 8, what is 0 + -106?
-106
In base 16, what is -2 - -1a?
18
In base 3, what is -22202 + -21?
-100000
In base 7, what is -1 + 413?
412
In base 10, what is 5 - 368?
-363
In base 4, what is -1 - -30001?
30000
In base 14, what is -12b - 0?
-12b
In base 6, what is 214 - -253?
511
In base 6, what is 15511 - 0?
15511
In base 10, what is -125 - -39?
-86
In base 6, what is -11 + -213?
-224
In base 7, what is 622 - -10?
632
In base 3, what is 101 + 2210020?
2210121
In base 15, what is 0 - -8?
8
In base 14, what is 64 + 58?
bc
In base 5, what is 2 - 213?
-211
In base 3, what is 2002 + -1102?
200
In base 10, what is 12 + -6?
6
In base 7, what is -1651 + -5?
-1656
In base 8, what is -25 + 36?
11
In base 14, what is 2 - 190?
-18c
In base 2, what is 1001100110 - 10?
1001100100
In base 8, what is 4 - -23?
27
In base 7, what is -134 + -5?
-142
In base 14, what is 59a - 2?
598
In base 12, what is -4210 + 2?
-420a
In base 5, what is -11240 + 10?
-11230
In base 6, what is 1345 - -33?
1422
In base 15, what is 2e + 11c?
14b
In base 5, what is -11 - -134?
123
In base 3, what is 1120 + 1?
1121
In base 14, what is -69 - -13?
-56
In base 13, what is -21b5 - -5?
-21b0
In base 3, what is 10 - 21001211?
-21001201
In base 9, what is -156 + -12?
-168
In base 13, what is -1a + 19?
-1
In base 4, what is -2 + -202?
-210
In base 4, what is 11 + 310?
321
In base 5, what is 1034 - -1?
1040
In base 2, what is -111 - -110?
-1
In base 14, what is 7c9 + 0?
7c9
In base 12, what is 52 + -40?
12
In base 11, what is -233 + -2?
-235
In base 3, what is -12 + 1010?
221
In base 7, what is -12 + 31?
16
In base 12, what is a - 987?
-979
In base 13, what is 6 - -172?
178
In base 15, what is 9 - 25?
-1b
In base 7, what is 1110 - -1?
1111
In base 4, what is -10 + 122313?
122303
In base 8, what is -1 - -406?
405
In base 8, what is 243 - 1?
242
In base 9, what is 1 + -446?
-445
In base 3, what is 122 - 200100?
-122201
In base 2, what is -1001100101 - 100?
-1001101001
In base 13, what is 3 - -6?
9
In base 6, what is -10 - 421?
-431
In base 13, what is 5 - -1268?
1270
In base 6, what is 12131 - 4?
12123
In base 15, what is -2a - -cc?
a2
In base 4, what is 0 + 0?
0
In base 12, what is 5 + -3?
2
In base 9, what is -6 + 0?
-6
In base 2, what is 1111 + 100101011?
100111010
In base 11, what is 13 - -4?
17
In base 5, what is -1002 + -2?
-1004
In base 11, what is -56 - 7?
-62
In base 11, what is 51 - -a1?
142
In base 10, what is -4 + -191?
-195
In base 11, what is 3 + 918?
920
In base 2, what is 101010000 + -1001000?
100001000
In base 9, what is 5 - -268?
274
In base 5, what is 1304 - -31?
1340
In base 3, what is 2210 + -10?
2200
In base 8, what is -3 - 2167?
-2172
In base 2, what is 1000 - 100001?
-11001
In base 9, what is 31 + 12?
43
In base 5, what is 4342 - -3?
4400
In base 3, what is 1 + 10022?
10100
In base 15, what is 5 + 7a?
80
In base 3, what is 11 + -22?
-11
In base 12, what is 2 - 437?
-435
In base 13, what is 4 + 45?
49
In base 6, what is 5552 - -4?
10000
In base 3, what is -2101 + 112111?
110010
In base 6, what is -244 - 52?
-340
In base 6, what is -3 + -1101?
-1104
In base 13, what is 5 - -152?
157
In base 16, what is 3f1 - 2?
3ef
In base 5, what is -3 - -10?
2
In base 11, what is -4 - -16a3?
169a
In base 2, what is 1 + -111011110?
-111011101
In base 2, what is 100 + -1010110?
-1010010
In base 12, what is 160 + -4a?
112
In base 9, what is -5042 + 2?
-5040
In base 11, what is -3 - 282?
-285
In base 12, what is -1704 - -1?
-1703
In base 6, what is 5 + 511?
520
In base 13, what is -113a + -4?
-1141
In base 8, what is -164 - 6?
-172
In base 16, what is 35 + 4?
39
In base 12, what is 308 - 1?
307
In base 11, what is -a - -59?
4a
In base 12, what is 3 + -32?
-2b
In base 14, what is -1 - -c4?
c3
In base 11, what is -3 - -2352?
234a
In base 3, what is 1202 + -21?
1111
In base 9, what is -10 + -2?
-12
In base 2, what is 1001 - -101011000?
101100001
In base 9, what is 0 - -25?
25
In base 15, what is -4 + 17?
13
In base 12, what is 3 - -63?
66
In base 9, what is -4 + 186?
182
In base 9, what is 282 + -4?
277
In base 6, what is -155 - -10?
-145
In base 9, what is -3 - 103?
-106
In base 16, what is 847 + -3?
844
In base 3, what is -1211 + -2?
-1220
In base 5, what is 4 - -42202?
42211
In base 14, what is c - -341?
34d
In base 3, what is 10221220 - 2?
10221211
In base 13, what is 15 + -9?
9
In base 8, what is 264 - 0?
264
In base 14, what is 40 + 46?
86
In base 9, what is 25 - -31?
56
In base 16, what is -24d + 4?
-249
In base 7, what is -461 - -5?
-453
In base 7, what is -30 + -10?
-40
In base 5, what is 10 + 4444?
10004
In base 12, what is 74 + -29?
47
In base 2, what is -101110 - -101?
-101001
In base 13, what is 2881 + 5?
2886
In base 7, what is -2 - 1616?
-1621
In base 15, what is 3 - -17a?
17d
In base 11, what is 0 + -42?
-42
In base 15, what is 9 + -21?
-17
In base 11, what is 46 + 19?
64
In base 15, what is 4 + -11?
-c
In base 14, what is -6c59 - -5?
-6c54
In base 14, what is 48 + a?
54
In base 14, what is -1a - -1?
-19
In base 2, what is 11100111 + 1000?
11101111
In base 11, what is 98 + 2?
9a
In base 10, what is -5 + -20?
-25
In base 10, what is 4 - -60?
64
In base 2, what is -11111001100 + -101?
-11111010001
In base 8, what is 1515 - 10?
1505
In base 5, what is -1243 + -10?
-1303
In base 10, what is -5 - 68?
-73
In base 6, what is 10 - 112?
-102
In base 14, what is -803 - -3?
-800
In base 11, what is 1624 + -10?
1614
In base 2, what is 111000 - -10100011?
11011011
In base 10, what is -28 - 15?
-43
In base 15, what is 0 - -32a?
32a
In base 10, what is 8248 - -3?
8251
In base 8, what is 207 + -2?
205
In base 2, what is -11 - 10001010?
-10001101
In base 2, what is 1 - -101110010100?
101110010101
In base 11, what is -7557 + 5?
-7552
In base 3, what is -11 + 212221?
212210
In base 5, what is 14 - -24?
43
In base 11, what is -184 + 0?
-184
In base 4, what is 30 + -3111?
-3021
In base 13, what is -22 - 83?
-a5
In base 7, what is 21 + 102?
123
In base 10, what is 4 - -93?
97
In base 15, what is -3 + -1c9?
-1cc
In base 7, what is 54 - 21?
33
In base 5, what is -100 + 33?
-12
In base 14, what is -15 + 1?
-14
In base 4, what is 220 - 20?
200
In base 15, what is -2d90 + 4?
-2d8b
In base 5, what is 24 - 313?
-234
In base 15, what is 0 - -5ce?
5ce
In base 5, what is -1 + -13?
-14
In base 13, what is -4 - b8?
-bc
In base 6, what is -500535 + 1?
-500534
In base 8, what is -2 + -5377?
-5401
In base 11, what is 6 + -545?
-53a
In base 8, what is 65 - -2?
67
In base 12, what is -5 + 80?
77
In base 5, what is -224 + 3042?
2313
In base 3, what is 122 - 122?
0
In base 3, what is 12 - -20?
102
In base 14, what is 1 + -a2?
-a1
In base 16, what is -5 - 451?
-456
In base 10, what is 25 - 14?
11
In base 14, what is -3 - 1875?
-1878
In base 13, what is 7c43 + -3?
7c40
In base 4, what is 23 - -10?
33
In base 13, what is -112 - 5?
-117
In base 10, what is -3 + 123?
120
In base 4, what is 101331 - -10?
102001
In base 3, what is -21 + -21002?
-21100
In base 6, what is 2 + -254?
-252
In base 8, what is 104 - -5?
111
In base 12, what is 19640 - 0?
19640
In base 11, what is -4 - 53?
-57
In base 9, what is -1042 + -2?
-1044
In base 5, what is 3 + -24?
-21
In base 12, what is 3 + -67?
-64
In base 15, what is 3 - d5?
-d2
In base 7, what is -11 - 43?
-54
In base 16, what is 13 - 124?
-111
In base 5, what is -14100 + 0?
-14100
In base 13, what is 9 + -55?
-49
In base 15, what is 71 - c?
64
In base 15, what is ed + 5?
103
In base 3, what is -11 + -21001212?
-21002000
In base 14, what is -3 + 7?
4
In base 7, what is -13 + 21?
5
In base 9, what is 3 - 3?
0
In base 15, what is -12 + ad2?
ac0
In base 8, what is -1 - -343?
342
In base 3, what is 20110001 + 1?
20110002
In base 2, what is 101 - 1110001000?
-1110000011
In base 10, what is -4 - 1434?
-1438
In base 11, what is -2 - -2?
0
In base 10, what is 3 - -95?
98
In base 2, what is 1010111 + -1011?
1001100
In base 7, what is 10 + 53?
63
In base 3, what is 21101 + 210?